{"id":413,"date":"2017-11-04T23:57:54","date_gmt":"2017-11-04T22:57:54","guid":{"rendered":"http:\/\/www.synapo.de\/palmenpress\/startseite\/?page_id=413"},"modified":"2024-02-10T15:03:23","modified_gmt":"2024-02-10T14:03:23","slug":"kostenlose-pflegehilfsmittel-fuer-kassel-bis-zu-480-euro-jaehrlich-sparen-mit-pflegegrad-jetzt-informieren","status":"publish","type":"page","link":"https:\/\/palmenapo.de\/brueckenhof\/kostenlose-pflegehilfsmittel-fuer-kassel-bis-zu-480-euro-jaehrlich-sparen-mit-pflegegrad-jetzt-informieren\/","title":{"rendered":"Kostenlose Pflegehilfsmittel f\u00fcr Kassel"},"content":{"rendered":"<p>Sie interessieren sich f\u00fcr &#8222;Kostenlose Pflegehilfsmittel f\u00fcr Kassel durch einen Pflegegrad&#8220; dann sind Sie hier richtig!<br \/>\n<div class=\"su-row\"><br \/>\n<div class=\"su-column su-column-size-1-2\"><div class=\"su-column-inner su-u-clearfix su-u-trim\"><div class=\"su-spacer\" style=\"height:30px\"><\/div><\/p>\n<h2>Kostenlose Pflegehilfsmittel in H\u00f6he von 480\u20ac pro Jahr auch in Kassel<\/h2>\n<h3>&#8222;Pflegebed\u00fcrftige, die zu Hause gepflegt werden, haben unabh\u00e4ngig von ihrem festgelegten Pflegegrad Anspruch auf eine Versorgung mit zum Verbrauch bestimmten Pflegehilfsmitteln. Leider ist dieses Thema vielen Kunden nicht bekannt und Sie verschenken unwissentlich bares Geld. Daher bitten wir Sie auch Ihre Angeh\u00f6rigen oder Freunde \u00fcber die M\u00f6glichkeit der kostenlosen Pflegehilfsmittel zu informieren und gerne auf uns als regionalen Gesundheitspartner in Kassel zu verweisen.<\/h3>\n<p><\/div><\/div><br \/>\n<div class=\"su-column su-column-size-1-2\"><div class=\"su-column-inner su-u-clearfix su-u-trim\"><img fetchpriority=\"high\" decoding=\"async\" src=\"https:\/\/palmenapo.de\/brueckenhof\/wp-content\/uploads\/sites\/3\/2024\/02\/pflegehm-300x247.jpg\" alt=\"Pflegehilfsmittel f\u00fcr Kassel\" width=\"300\" height=\"247\" class=\"alignnone size-medium wp-image-830\" srcset=\"https:\/\/palmenapo.de\/brueckenhof\/wp-content\/uploads\/sites\/3\/2024\/02\/pflegehm-300x247.jpg 300w, https:\/\/palmenapo.de\/brueckenhof\/wp-content\/uploads\/sites\/3\/2024\/02\/pflegehm-1024x842.jpg 1024w, https:\/\/palmenapo.de\/brueckenhof\/wp-content\/uploads\/sites\/3\/2024\/02\/pflegehm-768x632.jpg 768w, https:\/\/palmenapo.de\/brueckenhof\/wp-content\/uploads\/sites\/3\/2024\/02\/pflegehm-1536x1263.jpg 1536w, https:\/\/palmenapo.de\/brueckenhof\/wp-content\/uploads\/sites\/3\/2024\/02\/pflegehm.jpg 1820w\" sizes=\"(max-width: 300px) 100vw, 300px\" \/><br \/>\n<\/div><\/div><br \/>\n<\/div><\/p>\n<div class=\"su-spacer\" style=\"height:30px\"><\/div>\n<div class=\"su-row\"><br \/>\n<div class=\"su-column su-column-size-1-3\"><div class=\"su-column-inner su-u-clearfix su-u-trim\"><div class=\"su-spacer\" style=\"height:30px\"><\/div><\/p>\n<h3>Mit Pflegegrad entstehen Ihnen keine Kosten<\/h3>\n<p>Wenn Sie einen Pflegegrad besitzen, \u00fcbernimmt die Pflegekasse die Kosten f\u00fcr die von Ihnen bei uns ausgew\u00e4hlten Pflegehilfsmittel komplett und f\u00fcr Sie selber fallen daher keine weiteren Belastungen oder Kosten an. Sie bekommen auch an anderer Stelle keine Abz\u00fcge, weshalb man hier tats\u00e4chlich von einem Geschenk der Pflegekasse sprechen kann. Die Abrechnung erfolgt direkt zwischen uns und der f\u00fcr Sie zust\u00e4ndigen Pflegekasse.<\/p>\n<p><\/div><\/div><br \/>\n<div class=\"su-column su-column-size-1-3\"><div class=\"su-column-inner su-u-clearfix su-u-trim\"><div class=\"su-spacer\" style=\"height:30px\"><\/div><\/p>\n<h3>Voraussetzungen f\u00fcr die Versorgung mit kostenlosen Pflegehilfsmitteln in Kassel<\/h3>\n<p>Pflegebed\u00fcrftige, die zu Hause gepflegt werden, haben ab dem Pflegegrad 1 Anspruch auf eine Versorgung mit zum Verbrauch bestimmten Pflegehilfsmitteln im Wert von bis zu 40 Euro pro Monat, oder umgerechnet 480 Euro im Jahr.<br \/>\n<\/div><\/div><br \/>\n<div class=\"su-column su-column-size-1-3\"><div class=\"su-column-inner su-u-clearfix su-u-trim\"><div class=\"su-spacer\" style=\"height:30px\"><\/div><\/p>\n<h3> Was sind \u00fcberhaupt &#8222;Pflegehilfsmittel&#8220;?<\/h3>\n<p>Zum Verbrauch bestimmte Pflegehilfsmittel sind zum einmaligen Gebrauch bestimmt und k\u00f6nnen nicht wiederverwendet werden. Daher haben Sie auch die M\u00f6glichkeit sich jeden Monat erneut bei uns einzudecken. Bitte beachten Sie, dass vom Gesetzgeber ausschlie\u00dflich die nachfolgend aufgef\u00fchrten Produkte benannt worden sind und abgerechnet werden k\u00f6nnen:<br \/>\nsaugende Bettschutzeinlagen<br \/>\nFingerlinge<br \/>\nEinmalhandschuhe<br \/>\nMundschutz und FFP2-Masken<br \/>\nSchutzsch\u00fcrzen zum Einmalgebrauch<br \/>\nSchutzsch\u00fcrzen wiederverwendbar<br \/>\nH\u00e4ndedesinfektionsmittel<br \/>\nFl\u00e4chendesinfektionsmittel<br \/>\n<\/div><\/div><br \/>\n<\/div>\n<div class=\"su-row\"><br \/>\n<div class=\"su-column su-column-size-1-3\"><div class=\"su-column-inner su-u-clearfix su-u-trim\"><div class=\"su-spacer\" style=\"height:30px\"><\/div><\/p>\n<h3>Woher bekommen Sie Ihr Antragsformular<\/h3>\n<p>Sie k\u00f6nnen sich das Formular <a href=\"https:\/\/palmenapo.de\/brueckenhof\/wp-content\/uploads\/sites\/3\/2024\/02\/Pflegehilfsmittelantrag1-scaled.jpg\">hier<\/a> direkt downloaden. Wir haben zu jeder Zeit Antragsformulare in der Apotheke f\u00fcr Sie vorr\u00e4tig und helfen Ihnen gerne beim ausf\u00fcllen. F\u00fcr weitere Fragen stehen wir Ihnen mit Rat und Tat pers\u00f6nlich oder auch Online zur Verf\u00fcgung. Zus\u00e4tzlich Informationen zur Pflege, kostenlose Pflegehilfsmittel und Pflegegrad k\u00f6nnen Sie <a href=\"https:\/\/www.kassel.de\/service\/produkte\/kassel\/sozialamt\/pflegestuetzpunkt__psp__9783477.php\" rel=\"noopener\" target=\"_blank\">Link<\/a> von der offiziellen Seite der Stadt Kassel abrufen.<br \/>\n<\/div><\/div><\/p>\n<p><div class=\"su-column su-column-size-1-3\"><div class=\"su-column-inner su-u-clearfix su-u-trim\"><div class=\"su-spacer\" style=\"height:90px\"><\/div><a href=\"https:\/\/palmenapo.de\/brueckenhof\/wp-content\/uploads\/sites\/3\/2024\/02\/Pflegehilfsmittelantrag1-scaled.jpg\"><img decoding=\"async\" src=\"https:\/\/palmenapo.de\/brueckenhof\/wp-content\/uploads\/sites\/3\/2024\/02\/Pflegehilfsmittelantrag1-150x150.jpg\" alt=\"Antragsformular\" width=\"150\" height=\"150\" class=\"alignnone size-thumbnail wp-image-833\" \/><\/a><div class=\"su-spacer\" style=\"height:30px\"><\/div><br \/>\nPflegegrad vorhanden, dann sofort herunterladen, ausf\u00fcllen und kostenlose Pflegehilfsmittel bei uns in Kassel beziehen<br \/>\n<\/div><\/div><\/p>\n<p><div class=\"su-column su-column-size-1-3\"><div class=\"su-column-inner su-u-clearfix su-u-trim\"><div class=\"su-spacer\" style=\"height:30px\"><\/div><br \/>\n<\/div><\/div><br \/>\n<\/div>\n","protected":false},"excerpt":{"rendered":"<p>Sie interessieren sich f\u00fcr &#8222;Kostenlose Pflegehilfsmittel f\u00fcr Kassel durch einen Pflegegrad&#8220; dann sind Sie hier richtig!<\/p>\n","protected":false},"author":1,"featured_media":0,"parent":0,"menu_order":0,"comment_status":"closed","ping_status":"closed","template":"","meta":{"_acf_changed":false,"footnotes":""},"class_list":["post-413","page","type-page","status-publish","hentry"],"acf":[],"yoast_head":"<!-- This site is optimized with the Yoast SEO plugin v25.0 - https:\/\/yoast.com\/wordpress\/plugins\/seo\/ -->\n<title>Kostenlose Pflegehilfsmittel f\u00fcr Kassel - Palmen Apotheke Br\u00fcckenhof - erh\u00e4ltlich ab Pflegegrad 1<\/title>\n<meta name=\"description\" content=\"Dank Pflegegrad 480\u20ac im Jahr durch kostenlose Pflegehilfsmittel f\u00fcr die h\u00e4usliche Pflege in Kassel sparen. Wir zeigen Ihnen wie!\" \/>\n<meta name=\"robots\" content=\"index, follow, max-snippet:-1, max-image-preview:large, max-video-preview:-1\" \/>\n<link rel=\"canonical\" href=\"https:\/\/palmenapo.de\/brueckenhof\/kostenlose-pflegehilfsmittel-fuer-kassel-bis-zu-480-euro-jaehrlich-sparen-mit-pflegegrad-jetzt-informieren\/\" \/>\n<meta property=\"og:locale\" content=\"de_DE\" \/>\n<meta property=\"og:type\" content=\"article\" \/>\n<meta property=\"og:title\" content=\"Kostenlose Pflegehilfsmittel f\u00fcr Kassel - Palmen Apotheke Br\u00fcckenhof - erh\u00e4ltlich ab Pflegegrad 1\" \/>\n<meta property=\"og:description\" content=\"Dank Pflegegrad 480\u20ac im Jahr durch kostenlose Pflegehilfsmittel f\u00fcr die h\u00e4usliche Pflege in Kassel sparen. Wir zeigen Ihnen wie!\" \/>\n<meta property=\"og:url\" content=\"https:\/\/palmenapo.de\/brueckenhof\/kostenlose-pflegehilfsmittel-fuer-kassel-bis-zu-480-euro-jaehrlich-sparen-mit-pflegegrad-jetzt-informieren\/\" \/>\n<meta property=\"og:site_name\" content=\"Palmen Apotheke Br\u00fcckenhof\" \/>\n<meta property=\"article:publisher\" content=\"https:\/\/www.facebook.com\/PalmenApothekeBrueckenhof\" \/>\n<meta property=\"article:modified_time\" content=\"2024-02-10T14:03:23+00:00\" \/>\n<meta property=\"og:image\" content=\"https:\/\/palmenapo.de\/brueckenhof\/wp-content\/uploads\/sites\/3\/2024\/02\/pflegehm-300x247.jpg\" \/>\n<meta name=\"twitter:card\" content=\"summary_large_image\" \/>\n<meta name=\"twitter:label1\" content=\"Gesch\u00e4tzte Lesezeit\" \/>\n\t<meta name=\"twitter:data1\" content=\"3\u00a0Minuten\" \/>\n<script type=\"application\/ld+json\" class=\"yoast-schema-graph\">{\"@context\":\"https:\/\/schema.org\",\"@graph\":[{\"@type\":\"WebPage\",\"@id\":\"https:\/\/palmenapo.de\/brueckenhof\/kostenlose-pflegehilfsmittel-fuer-kassel-bis-zu-480-euro-jaehrlich-sparen-mit-pflegegrad-jetzt-informieren\/\",\"url\":\"https:\/\/palmenapo.de\/brueckenhof\/kostenlose-pflegehilfsmittel-fuer-kassel-bis-zu-480-euro-jaehrlich-sparen-mit-pflegegrad-jetzt-informieren\/\",\"name\":\"Kostenlose Pflegehilfsmittel f\u00fcr Kassel - Palmen Apotheke Br\u00fcckenhof - erh\u00e4ltlich ab Pflegegrad 1\",\"isPartOf\":{\"@id\":\"https:\/\/palmenapo.de\/brueckenhof\/#website\"},\"primaryImageOfPage\":{\"@id\":\"https:\/\/palmenapo.de\/brueckenhof\/kostenlose-pflegehilfsmittel-fuer-kassel-bis-zu-480-euro-jaehrlich-sparen-mit-pflegegrad-jetzt-informieren\/#primaryimage\"},\"image\":{\"@id\":\"https:\/\/palmenapo.de\/brueckenhof\/kostenlose-pflegehilfsmittel-fuer-kassel-bis-zu-480-euro-jaehrlich-sparen-mit-pflegegrad-jetzt-informieren\/#primaryimage\"},\"thumbnailUrl\":\"https:\/\/palmenapo.de\/brueckenhof\/wp-content\/uploads\/sites\/3\/2024\/02\/pflegehm-300x247.jpg\",\"datePublished\":\"2017-11-04T22:57:54+00:00\",\"dateModified\":\"2024-02-10T14:03:23+00:00\",\"description\":\"Dank Pflegegrad 480\u20ac im Jahr durch kostenlose Pflegehilfsmittel f\u00fcr die h\u00e4usliche Pflege in Kassel sparen. Wir zeigen Ihnen wie!\",\"breadcrumb\":{\"@id\":\"https:\/\/palmenapo.de\/brueckenhof\/kostenlose-pflegehilfsmittel-fuer-kassel-bis-zu-480-euro-jaehrlich-sparen-mit-pflegegrad-jetzt-informieren\/#breadcrumb\"},\"inLanguage\":\"de\",\"potentialAction\":[{\"@type\":\"ReadAction\",\"target\":[\"https:\/\/palmenapo.de\/brueckenhof\/kostenlose-pflegehilfsmittel-fuer-kassel-bis-zu-480-euro-jaehrlich-sparen-mit-pflegegrad-jetzt-informieren\/\"]}]},{\"@type\":\"ImageObject\",\"inLanguage\":\"de\",\"@id\":\"https:\/\/palmenapo.de\/brueckenhof\/kostenlose-pflegehilfsmittel-fuer-kassel-bis-zu-480-euro-jaehrlich-sparen-mit-pflegegrad-jetzt-informieren\/#primaryimage\",\"url\":\"https:\/\/palmenapo.de\/brueckenhof\/wp-content\/uploads\/sites\/3\/2024\/02\/pflegehm.jpg\",\"contentUrl\":\"https:\/\/palmenapo.de\/brueckenhof\/wp-content\/uploads\/sites\/3\/2024\/02\/pflegehm.jpg\",\"width\":1820,\"height\":1497,\"caption\":\"Pflegehilfsmittel\"},{\"@type\":\"BreadcrumbList\",\"@id\":\"https:\/\/palmenapo.de\/brueckenhof\/kostenlose-pflegehilfsmittel-fuer-kassel-bis-zu-480-euro-jaehrlich-sparen-mit-pflegegrad-jetzt-informieren\/#breadcrumb\",\"itemListElement\":[{\"@type\":\"ListItem\",\"position\":1,\"name\":\"Startseite\",\"item\":\"https:\/\/palmenapo.de\/brueckenhof\/\"},{\"@type\":\"ListItem\",\"position\":2,\"name\":\"Kostenlose Pflegehilfsmittel f\u00fcr Kassel\"}]},{\"@type\":\"WebSite\",\"@id\":\"https:\/\/palmenapo.de\/brueckenhof\/#website\",\"url\":\"https:\/\/palmenapo.de\/brueckenhof\/\",\"name\":\"Palmen Apotheke Br\u00fcckenhof Kassel\",\"description\":\"E-Rezept, Gesundheit, Medikamente, in der N\u00e4her, Pflegehilfsmittel, Beratung, Kassel\",\"publisher\":{\"@id\":\"https:\/\/palmenapo.de\/brueckenhof\/#organization\"},\"potentialAction\":[{\"@type\":\"SearchAction\",\"target\":{\"@type\":\"EntryPoint\",\"urlTemplate\":\"https:\/\/palmenapo.de\/brueckenhof\/?s={search_term_string}\"},\"query-input\":{\"@type\":\"PropertyValueSpecification\",\"valueRequired\":true,\"valueName\":\"search_term_string\"}}],\"inLanguage\":\"de\"},{\"@type\":\"Organization\",\"@id\":\"https:\/\/palmenapo.de\/brueckenhof\/#organization\",\"name\":\"Palmen Apotheke Br\u00fcckenhof Kassel\",\"url\":\"https:\/\/palmenapo.de\/brueckenhof\/\",\"logo\":{\"@type\":\"ImageObject\",\"inLanguage\":\"de\",\"@id\":\"https:\/\/palmenapo.de\/brueckenhof\/#\/schema\/logo\/image\/\",\"url\":\"https:\/\/palmenapo.de\/brueckenhof\/wp-content\/uploads\/sites\/3\/2017\/11\/cropped-Apotheken-mit-Palme.jpg\",\"contentUrl\":\"https:\/\/palmenapo.de\/brueckenhof\/wp-content\/uploads\/sites\/3\/2017\/11\/cropped-Apotheken-mit-Palme.jpg\",\"width\":512,\"height\":512,\"caption\":\"Palmen Apotheke Br\u00fcckenhof Kassel\"},\"image\":{\"@id\":\"https:\/\/palmenapo.de\/brueckenhof\/#\/schema\/logo\/image\/\"},\"sameAs\":[\"https:\/\/www.facebook.com\/PalmenApothekeBrueckenhof\"]}]}<\/script>\n<!-- \/ Yoast SEO plugin. -->","yoast_head_json":{"title":"Kostenlose Pflegehilfsmittel f\u00fcr Kassel - Palmen Apotheke Br\u00fcckenhof - erh\u00e4ltlich ab Pflegegrad 1","description":"Dank Pflegegrad 480\u20ac im Jahr durch kostenlose Pflegehilfsmittel f\u00fcr die h\u00e4usliche Pflege in Kassel sparen. Wir zeigen Ihnen wie!","robots":{"index":"index","follow":"follow","max-snippet":"max-snippet:-1","max-image-preview":"max-image-preview:large","max-video-preview":"max-video-preview:-1"},"canonical":"https:\/\/palmenapo.de\/brueckenhof\/kostenlose-pflegehilfsmittel-fuer-kassel-bis-zu-480-euro-jaehrlich-sparen-mit-pflegegrad-jetzt-informieren\/","og_locale":"de_DE","og_type":"article","og_title":"Kostenlose Pflegehilfsmittel f\u00fcr Kassel - Palmen Apotheke Br\u00fcckenhof - erh\u00e4ltlich ab Pflegegrad 1","og_description":"Dank Pflegegrad 480\u20ac im Jahr durch kostenlose Pflegehilfsmittel f\u00fcr die h\u00e4usliche Pflege in Kassel sparen. Wir zeigen Ihnen wie!","og_url":"https:\/\/palmenapo.de\/brueckenhof\/kostenlose-pflegehilfsmittel-fuer-kassel-bis-zu-480-euro-jaehrlich-sparen-mit-pflegegrad-jetzt-informieren\/","og_site_name":"Palmen Apotheke Br\u00fcckenhof","article_publisher":"https:\/\/www.facebook.com\/PalmenApothekeBrueckenhof","article_modified_time":"2024-02-10T14:03:23+00:00","og_image":[{"url":"https:\/\/palmenapo.de\/brueckenhof\/wp-content\/uploads\/sites\/3\/2024\/02\/pflegehm-300x247.jpg","type":"","width":"","height":""}],"twitter_card":"summary_large_image","twitter_misc":{"Gesch\u00e4tzte Lesezeit":"3\u00a0Minuten"},"schema":{"@context":"https:\/\/schema.org","@graph":[{"@type":"WebPage","@id":"https:\/\/palmenapo.de\/brueckenhof\/kostenlose-pflegehilfsmittel-fuer-kassel-bis-zu-480-euro-jaehrlich-sparen-mit-pflegegrad-jetzt-informieren\/","url":"https:\/\/palmenapo.de\/brueckenhof\/kostenlose-pflegehilfsmittel-fuer-kassel-bis-zu-480-euro-jaehrlich-sparen-mit-pflegegrad-jetzt-informieren\/","name":"Kostenlose Pflegehilfsmittel f\u00fcr Kassel - Palmen Apotheke Br\u00fcckenhof - erh\u00e4ltlich ab Pflegegrad 1","isPartOf":{"@id":"https:\/\/palmenapo.de\/brueckenhof\/#website"},"primaryImageOfPage":{"@id":"https:\/\/palmenapo.de\/brueckenhof\/kostenlose-pflegehilfsmittel-fuer-kassel-bis-zu-480-euro-jaehrlich-sparen-mit-pflegegrad-jetzt-informieren\/#primaryimage"},"image":{"@id":"https:\/\/palmenapo.de\/brueckenhof\/kostenlose-pflegehilfsmittel-fuer-kassel-bis-zu-480-euro-jaehrlich-sparen-mit-pflegegrad-jetzt-informieren\/#primaryimage"},"thumbnailUrl":"https:\/\/palmenapo.de\/brueckenhof\/wp-content\/uploads\/sites\/3\/2024\/02\/pflegehm-300x247.jpg","datePublished":"2017-11-04T22:57:54+00:00","dateModified":"2024-02-10T14:03:23+00:00","description":"Dank Pflegegrad 480\u20ac im Jahr durch kostenlose Pflegehilfsmittel f\u00fcr die h\u00e4usliche Pflege in Kassel sparen. Wir zeigen Ihnen wie!","breadcrumb":{"@id":"https:\/\/palmenapo.de\/brueckenhof\/kostenlose-pflegehilfsmittel-fuer-kassel-bis-zu-480-euro-jaehrlich-sparen-mit-pflegegrad-jetzt-informieren\/#breadcrumb"},"inLanguage":"de","potentialAction":[{"@type":"ReadAction","target":["https:\/\/palmenapo.de\/brueckenhof\/kostenlose-pflegehilfsmittel-fuer-kassel-bis-zu-480-euro-jaehrlich-sparen-mit-pflegegrad-jetzt-informieren\/"]}]},{"@type":"ImageObject","inLanguage":"de","@id":"https:\/\/palmenapo.de\/brueckenhof\/kostenlose-pflegehilfsmittel-fuer-kassel-bis-zu-480-euro-jaehrlich-sparen-mit-pflegegrad-jetzt-informieren\/#primaryimage","url":"https:\/\/palmenapo.de\/brueckenhof\/wp-content\/uploads\/sites\/3\/2024\/02\/pflegehm.jpg","contentUrl":"https:\/\/palmenapo.de\/brueckenhof\/wp-content\/uploads\/sites\/3\/2024\/02\/pflegehm.jpg","width":1820,"height":1497,"caption":"Pflegehilfsmittel"},{"@type":"BreadcrumbList","@id":"https:\/\/palmenapo.de\/brueckenhof\/kostenlose-pflegehilfsmittel-fuer-kassel-bis-zu-480-euro-jaehrlich-sparen-mit-pflegegrad-jetzt-informieren\/#breadcrumb","itemListElement":[{"@type":"ListItem","position":1,"name":"Startseite","item":"https:\/\/palmenapo.de\/brueckenhof\/"},{"@type":"ListItem","position":2,"name":"Kostenlose Pflegehilfsmittel f\u00fcr Kassel"}]},{"@type":"WebSite","@id":"https:\/\/palmenapo.de\/brueckenhof\/#website","url":"https:\/\/palmenapo.de\/brueckenhof\/","name":"Palmen Apotheke Br\u00fcckenhof Kassel","description":"E-Rezept, Gesundheit, Medikamente, in der N\u00e4her, Pflegehilfsmittel, Beratung, Kassel","publisher":{"@id":"https:\/\/palmenapo.de\/brueckenhof\/#organization"},"potentialAction":[{"@type":"SearchAction","target":{"@type":"EntryPoint","urlTemplate":"https:\/\/palmenapo.de\/brueckenhof\/?s={search_term_string}"},"query-input":{"@type":"PropertyValueSpecification","valueRequired":true,"valueName":"search_term_string"}}],"inLanguage":"de"},{"@type":"Organization","@id":"https:\/\/palmenapo.de\/brueckenhof\/#organization","name":"Palmen Apotheke Br\u00fcckenhof Kassel","url":"https:\/\/palmenapo.de\/brueckenhof\/","logo":{"@type":"ImageObject","inLanguage":"de","@id":"https:\/\/palmenapo.de\/brueckenhof\/#\/schema\/logo\/image\/","url":"https:\/\/palmenapo.de\/brueckenhof\/wp-content\/uploads\/sites\/3\/2017\/11\/cropped-Apotheken-mit-Palme.jpg","contentUrl":"https:\/\/palmenapo.de\/brueckenhof\/wp-content\/uploads\/sites\/3\/2017\/11\/cropped-Apotheken-mit-Palme.jpg","width":512,"height":512,"caption":"Palmen Apotheke Br\u00fcckenhof Kassel"},"image":{"@id":"https:\/\/palmenapo.de\/brueckenhof\/#\/schema\/logo\/image\/"},"sameAs":["https:\/\/www.facebook.com\/PalmenApothekeBrueckenhof"]}]}},"_links":{"self":[{"href":"https:\/\/palmenapo.de\/brueckenhof\/wp-json\/wp\/v2\/pages\/413","targetHints":{"allow":["GET"]}}],"collection":[{"href":"https:\/\/palmenapo.de\/brueckenhof\/wp-json\/wp\/v2\/pages"}],"about":[{"href":"https:\/\/palmenapo.de\/brueckenhof\/wp-json\/wp\/v2\/types\/page"}],"author":[{"embeddable":true,"href":"https:\/\/palmenapo.de\/brueckenhof\/wp-json\/wp\/v2\/users\/1"}],"replies":[{"embeddable":true,"href":"https:\/\/palmenapo.de\/brueckenhof\/wp-json\/wp\/v2\/comments?post=413"}],"version-history":[{"count":20,"href":"https:\/\/palmenapo.de\/brueckenhof\/wp-json\/wp\/v2\/pages\/413\/revisions"}],"predecessor-version":[{"id":851,"href":"https:\/\/palmenapo.de\/brueckenhof\/wp-json\/wp\/v2\/pages\/413\/revisions\/851"}],"wp:attachment":[{"href":"https:\/\/palmenapo.de\/brueckenhof\/wp-json\/wp\/v2\/media?parent=413"}],"curies":[{"name":"wp","href":"https:\/\/api.w.org\/{rel}","templated":true}]}}