{"id":393,"date":"2017-11-04T21:38:43","date_gmt":"2017-11-04T20:38:43","guid":{"rendered":"http:\/\/www.synapo.de\/palmenpress\/startseite\/?page_id=393"},"modified":"2017-12-17T11:25:40","modified_gmt":"2017-12-17T10:25:40","slug":"geraeteverleih","status":"publish","type":"page","link":"https:\/\/palmenapo.de\/brueckenhof\/geraeteverleih\/","title":{"rendered":"Ger\u00e4teverleih"},"content":{"rendered":"<div class=\"su-row\"><br \/>\n<div class=\"su-column su-column-size-1-2\"><div class=\"su-column-inner su-u-clearfix su-u-trim\"><img fetchpriority=\"high\" decoding=\"async\" src=\"http:\/\/www.palmenapo.de\/wp-content\/uploads\/2017\/11\/medela-pumping-symphony-breastpump-professional-300x300.jpg\" alt=\"\" width=\"300\" height=\"300\" class=\"alignnone size-medium wp-image-395\" srcset=\"https:\/\/palmenapo.de\/brueckenhof\/wp-content\/uploads\/sites\/3\/2017\/11\/medela-pumping-symphony-breastpump-professional-300x300.jpg 300w, https:\/\/palmenapo.de\/brueckenhof\/wp-content\/uploads\/sites\/3\/2017\/11\/medela-pumping-symphony-breastpump-professional-150x150.jpg 150w, https:\/\/palmenapo.de\/brueckenhof\/wp-content\/uploads\/sites\/3\/2017\/11\/medela-pumping-symphony-breastpump-professional.jpg 500w\" sizes=\"(max-width: 300px) 100vw, 300px\" \/><br \/>\n<\/div><\/div><br \/>\n<div class=\"su-column su-column-size-1-2\"><div class=\"su-column-inner su-u-clearfix su-u-trim\"><div class=\"su-spacer\" style=\"height:90px\"><\/div><\/p>\n<h2>Wir verleihen\u2026<\/h2>\n<h3>&#8222;&#8230;f\u00fcr jede Lebenssituation das passende Equipment &#8211; einfach und flexibel&#8220;<\/h3>\n<p><\/div><\/div><br \/>\n<\/div>\n<div class=\"su-spacer\" style=\"height:30px\"><\/div>\n<div class=\"su-row\"><br \/>\n<div class=\"su-column su-column-size-1-3\"><div class=\"su-column-inner su-u-clearfix su-u-trim\"><div class=\"su-spacer\" style=\"height:30px\"><\/div><\/p>\n<h3>Milchpumpen<\/h3>\n<p>Stillen ist die nat\u00fcrlichste und ges\u00fcndeste Ern\u00e4hrung f\u00fcr die Kleinen. Damit Ihr Neugeborenes von Anfang an die auf nichts verzichten muss, verleihen wir elektrische Milchpumpen. Die Medela\u00ae Symphony unterst\u00fctzt durch ein besonders sanftes und ryhthmisches Pumpsystem, das dem Saugen des Babys nachempfunden ist. Daher bietet es eine gute Alternative zum Stillen.<br \/>\n<\/div><\/div><br \/>\n<div class=\"su-column su-column-size-1-3\"><div class=\"su-column-inner su-u-clearfix su-u-trim\"><div class=\"su-spacer\" style=\"height:30px\"><\/div><\/p>\n<h3>Digitale Babywaagen<\/h3>\n<p>Um das Gewicht Ihres S\u00e4uglings optimal unter Kontrolle zu haben bieten wir Ihnen die M\u00f6glichkeit eine volldigitalen Babywaage zu leihen \u2013 selbstverst\u00e4ndlich mit der ben\u00f6tigten Einweisung. Alle Ger\u00e4te sind auf dem aktuellen Stand der Technik, werden vorschriftsm\u00e4ssig gereinigt, geeicht und sind sofort einsatzbereit.<br \/>\n<\/div><\/div><br \/>\n<div class=\"su-column su-column-size-1-3\"><div class=\"su-column-inner su-u-clearfix su-u-trim\"><div class=\"su-spacer\" style=\"height:30px\"><\/div><\/p>\n<h3>Blutdruckmessger\u00e4te<\/h3>\n<p>Neben den Markenger\u00e4ten zum Kauf erhalten Sie bei uns selbstverst\u00e4ndlich auch professionelle Ger\u00e4te zum Verleih. F\u00fcr die kurze Blutdruckkontrolle zu Hause ist dies die optimale L\u00f6sung. Egal ob station\u00e4res oder mobiles Ger\u00e4t, beides ist sofort f\u00fcr Sie einsatzbereit. Selbstverst\u00e4ndlich bekommen Sie immer eine Einweisung in die richtige Messtechnik, zus\u00e4tzlich erkl\u00e4ren wir Ihnen die Werte und geben Ihnen Tips und Ratschl\u00e4ge.<br \/>\n<\/div><\/div><br \/>\n<\/div>\n<div class=\"su-spacer\" style=\"height:30px\"><\/div>\n<div class=\"su-row\"><br \/>\n<div class=\"su-column su-column-size-1-3\"><div class=\"su-column-inner su-u-clearfix su-u-trim\"><div class=\"su-spacer\" style=\"height:30px\"><\/div><\/p>\n<h3>Rollst\u00fchle<\/h3>\n<p>F\u00fcr spontane gemeinsame Unternehmungen mit Ihren Liebsten bieten wir Ihnen die M\u00f6glichkeit Rollst\u00fchle tageweise auszuleihen. Unsere Rollst\u00fchle lassen sich platzssparendzusammenfalten und bieten so die besten Voraussetzungen f\u00fcr einen sch\u00f6nen St\u00e4dtetrip, Messebesuch oder die Shoppingtour in der Innenstadt.<br \/>\n<\/div><\/div><br \/>\n<div class=\"su-column su-column-size-1-3\"><div class=\"su-column-inner su-u-clearfix su-u-trim\"><div class=\"su-spacer\" style=\"height:30px\"><\/div><\/p>\n<h3>Rollatoren\/ Rollatorregenschirme<\/h3>\n<p>Ben\u00f6tigen Sie einen handlichen ultraleichten Rollator f\u00fcr eine Unternehmung &#8211; er steht Ihnen zum Verleih bei uns bereit. Unsere Rollatoren lassen sich platzsparend zusammenfalten und leicht transportieren.<br \/>\n<\/div><\/div><br \/>\n<div class=\"su-column su-column-size-1-3\"><div class=\"su-column-inner su-u-clearfix su-u-trim\"><div class=\"su-spacer\" style=\"height:30px\"><\/div><\/p>\n<h3>Kr\u00fccken\/Gehst\u00f6cke<\/h3>\n<p>Hatten Sie einen Sportunfall oder m\u00fcssen Ihr Bein f\u00fcr kurze Zeit entlasten. In unserem Verleihsortiment halten wir Kr\u00fccken und Gehst\u00f6cke f\u00fcr Sie bereit. Gerne beraten wir Sie diesbez\u00fcglich.<br \/>\n<\/div><\/div><br \/>\n<\/div>\n","protected":false},"excerpt":{"rendered":"","protected":false},"author":1,"featured_media":0,"parent":0,"menu_order":0,"comment_status":"closed","ping_status":"closed","template":"","meta":{"_acf_changed":false,"footnotes":""},"class_list":["post-393","page","type-page","status-publish","hentry"],"acf":[],"yoast_head":"<!-- This site is optimized with the Yoast SEO plugin v25.0 - https:\/\/yoast.com\/wordpress\/plugins\/seo\/ -->\n<title>Ger\u00e4teverleih - Palmen Apotheke Br\u00fcckenhof<\/title>\n<meta name=\"robots\" content=\"index, follow, max-snippet:-1, max-image-preview:large, max-video-preview:-1\" \/>\n<link rel=\"canonical\" href=\"https:\/\/palmenapo.de\/brueckenhof\/geraeteverleih\/\" \/>\n<meta property=\"og:locale\" content=\"de_DE\" \/>\n<meta property=\"og:type\" content=\"article\" \/>\n<meta property=\"og:title\" content=\"Ger\u00e4teverleih - Palmen Apotheke Br\u00fcckenhof\" \/>\n<meta property=\"og:url\" content=\"https:\/\/palmenapo.de\/brueckenhof\/geraeteverleih\/\" \/>\n<meta property=\"og:site_name\" content=\"Palmen Apotheke Br\u00fcckenhof\" \/>\n<meta property=\"article:publisher\" content=\"https:\/\/www.facebook.com\/PalmenApothekeBrueckenhof\" \/>\n<meta property=\"article:modified_time\" content=\"2017-12-17T10:25:40+00:00\" \/>\n<meta property=\"og:image\" content=\"http:\/\/www.palmenapo.de\/wp-content\/uploads\/2017\/11\/medela-pumping-symphony-breastpump-professional-300x300.jpg\" \/>\n<meta name=\"twitter:card\" content=\"summary_large_image\" \/>\n<meta name=\"twitter:label1\" content=\"Gesch\u00e4tzte Lesezeit\" \/>\n\t<meta name=\"twitter:data1\" content=\"2\u00a0Minuten\" \/>\n<script type=\"application\/ld+json\" class=\"yoast-schema-graph\">{\"@context\":\"https:\/\/schema.org\",\"@graph\":[{\"@type\":\"WebPage\",\"@id\":\"https:\/\/palmenapo.de\/brueckenhof\/geraeteverleih\/\",\"url\":\"https:\/\/palmenapo.de\/brueckenhof\/geraeteverleih\/\",\"name\":\"Ger\u00e4teverleih - Palmen Apotheke Br\u00fcckenhof\",\"isPartOf\":{\"@id\":\"https:\/\/palmenapo.de\/brueckenhof\/#website\"},\"primaryImageOfPage\":{\"@id\":\"https:\/\/palmenapo.de\/brueckenhof\/geraeteverleih\/#primaryimage\"},\"image\":{\"@id\":\"https:\/\/palmenapo.de\/brueckenhof\/geraeteverleih\/#primaryimage\"},\"thumbnailUrl\":\"http:\/\/www.palmenapo.de\/wp-content\/uploads\/2017\/11\/medela-pumping-symphony-breastpump-professional-300x300.jpg\",\"datePublished\":\"2017-11-04T20:38:43+00:00\",\"dateModified\":\"2017-12-17T10:25:40+00:00\",\"breadcrumb\":{\"@id\":\"https:\/\/palmenapo.de\/brueckenhof\/geraeteverleih\/#breadcrumb\"},\"inLanguage\":\"de\",\"potentialAction\":[{\"@type\":\"ReadAction\",\"target\":[\"https:\/\/palmenapo.de\/brueckenhof\/geraeteverleih\/\"]}]},{\"@type\":\"ImageObject\",\"inLanguage\":\"de\",\"@id\":\"https:\/\/palmenapo.de\/brueckenhof\/geraeteverleih\/#primaryimage\",\"url\":\"http:\/\/www.palmenapo.de\/wp-content\/uploads\/2017\/11\/medela-pumping-symphony-breastpump-professional-300x300.jpg\",\"contentUrl\":\"http:\/\/www.palmenapo.de\/wp-content\/uploads\/2017\/11\/medela-pumping-symphony-breastpump-professional-300x300.jpg\"},{\"@type\":\"BreadcrumbList\",\"@id\":\"https:\/\/palmenapo.de\/brueckenhof\/geraeteverleih\/#breadcrumb\",\"itemListElement\":[{\"@type\":\"ListItem\",\"position\":1,\"name\":\"Startseite\",\"item\":\"https:\/\/palmenapo.de\/brueckenhof\/\"},{\"@type\":\"ListItem\",\"position\":2,\"name\":\"Ger\u00e4teverleih\"}]},{\"@type\":\"WebSite\",\"@id\":\"https:\/\/palmenapo.de\/brueckenhof\/#website\",\"url\":\"https:\/\/palmenapo.de\/brueckenhof\/\",\"name\":\"Palmen Apotheke Br\u00fcckenhof Kassel\",\"description\":\"E-Rezept, Gesundheit, Medikamente, in der N\u00e4her, Pflegehilfsmittel, Beratung, Kassel\",\"publisher\":{\"@id\":\"https:\/\/palmenapo.de\/brueckenhof\/#organization\"},\"potentialAction\":[{\"@type\":\"SearchAction\",\"target\":{\"@type\":\"EntryPoint\",\"urlTemplate\":\"https:\/\/palmenapo.de\/brueckenhof\/?s={search_term_string}\"},\"query-input\":{\"@type\":\"PropertyValueSpecification\",\"valueRequired\":true,\"valueName\":\"search_term_string\"}}],\"inLanguage\":\"de\"},{\"@type\":\"Organization\",\"@id\":\"https:\/\/palmenapo.de\/brueckenhof\/#organization\",\"name\":\"Palmen Apotheke Br\u00fcckenhof Kassel\",\"url\":\"https:\/\/palmenapo.de\/brueckenhof\/\",\"logo\":{\"@type\":\"ImageObject\",\"inLanguage\":\"de\",\"@id\":\"https:\/\/palmenapo.de\/brueckenhof\/#\/schema\/logo\/image\/\",\"url\":\"https:\/\/palmenapo.de\/brueckenhof\/wp-content\/uploads\/sites\/3\/2017\/11\/cropped-Apotheken-mit-Palme.jpg\",\"contentUrl\":\"https:\/\/palmenapo.de\/brueckenhof\/wp-content\/uploads\/sites\/3\/2017\/11\/cropped-Apotheken-mit-Palme.jpg\",\"width\":512,\"height\":512,\"caption\":\"Palmen Apotheke Br\u00fcckenhof Kassel\"},\"image\":{\"@id\":\"https:\/\/palmenapo.de\/brueckenhof\/#\/schema\/logo\/image\/\"},\"sameAs\":[\"https:\/\/www.facebook.com\/PalmenApothekeBrueckenhof\"]}]}<\/script>\n<!-- \/ Yoast SEO plugin. -->","yoast_head_json":{"title":"Ger\u00e4teverleih - Palmen Apotheke Br\u00fcckenhof","robots":{"index":"index","follow":"follow","max-snippet":"max-snippet:-1","max-image-preview":"max-image-preview:large","max-video-preview":"max-video-preview:-1"},"canonical":"https:\/\/palmenapo.de\/brueckenhof\/geraeteverleih\/","og_locale":"de_DE","og_type":"article","og_title":"Ger\u00e4teverleih - Palmen Apotheke Br\u00fcckenhof","og_url":"https:\/\/palmenapo.de\/brueckenhof\/geraeteverleih\/","og_site_name":"Palmen Apotheke Br\u00fcckenhof","article_publisher":"https:\/\/www.facebook.com\/PalmenApothekeBrueckenhof","article_modified_time":"2017-12-17T10:25:40+00:00","og_image":[{"url":"http:\/\/www.palmenapo.de\/wp-content\/uploads\/2017\/11\/medela-pumping-symphony-breastpump-professional-300x300.jpg","type":"","width":"","height":""}],"twitter_card":"summary_large_image","twitter_misc":{"Gesch\u00e4tzte Lesezeit":"2\u00a0Minuten"},"schema":{"@context":"https:\/\/schema.org","@graph":[{"@type":"WebPage","@id":"https:\/\/palmenapo.de\/brueckenhof\/geraeteverleih\/","url":"https:\/\/palmenapo.de\/brueckenhof\/geraeteverleih\/","name":"Ger\u00e4teverleih - Palmen Apotheke Br\u00fcckenhof","isPartOf":{"@id":"https:\/\/palmenapo.de\/brueckenhof\/#website"},"primaryImageOfPage":{"@id":"https:\/\/palmenapo.de\/brueckenhof\/geraeteverleih\/#primaryimage"},"image":{"@id":"https:\/\/palmenapo.de\/brueckenhof\/geraeteverleih\/#primaryimage"},"thumbnailUrl":"http:\/\/www.palmenapo.de\/wp-content\/uploads\/2017\/11\/medela-pumping-symphony-breastpump-professional-300x300.jpg","datePublished":"2017-11-04T20:38:43+00:00","dateModified":"2017-12-17T10:25:40+00:00","breadcrumb":{"@id":"https:\/\/palmenapo.de\/brueckenhof\/geraeteverleih\/#breadcrumb"},"inLanguage":"de","potentialAction":[{"@type":"ReadAction","target":["https:\/\/palmenapo.de\/brueckenhof\/geraeteverleih\/"]}]},{"@type":"ImageObject","inLanguage":"de","@id":"https:\/\/palmenapo.de\/brueckenhof\/geraeteverleih\/#primaryimage","url":"http:\/\/www.palmenapo.de\/wp-content\/uploads\/2017\/11\/medela-pumping-symphony-breastpump-professional-300x300.jpg","contentUrl":"http:\/\/www.palmenapo.de\/wp-content\/uploads\/2017\/11\/medela-pumping-symphony-breastpump-professional-300x300.jpg"},{"@type":"BreadcrumbList","@id":"https:\/\/palmenapo.de\/brueckenhof\/geraeteverleih\/#breadcrumb","itemListElement":[{"@type":"ListItem","position":1,"name":"Startseite","item":"https:\/\/palmenapo.de\/brueckenhof\/"},{"@type":"ListItem","position":2,"name":"Ger\u00e4teverleih"}]},{"@type":"WebSite","@id":"https:\/\/palmenapo.de\/brueckenhof\/#website","url":"https:\/\/palmenapo.de\/brueckenhof\/","name":"Palmen Apotheke Br\u00fcckenhof Kassel","description":"E-Rezept, Gesundheit, Medikamente, in der N\u00e4her, Pflegehilfsmittel, Beratung, Kassel","publisher":{"@id":"https:\/\/palmenapo.de\/brueckenhof\/#organization"},"potentialAction":[{"@type":"SearchAction","target":{"@type":"EntryPoint","urlTemplate":"https:\/\/palmenapo.de\/brueckenhof\/?s={search_term_string}"},"query-input":{"@type":"PropertyValueSpecification","valueRequired":true,"valueName":"search_term_string"}}],"inLanguage":"de"},{"@type":"Organization","@id":"https:\/\/palmenapo.de\/brueckenhof\/#organization","name":"Palmen Apotheke Br\u00fcckenhof Kassel","url":"https:\/\/palmenapo.de\/brueckenhof\/","logo":{"@type":"ImageObject","inLanguage":"de","@id":"https:\/\/palmenapo.de\/brueckenhof\/#\/schema\/logo\/image\/","url":"https:\/\/palmenapo.de\/brueckenhof\/wp-content\/uploads\/sites\/3\/2017\/11\/cropped-Apotheken-mit-Palme.jpg","contentUrl":"https:\/\/palmenapo.de\/brueckenhof\/wp-content\/uploads\/sites\/3\/2017\/11\/cropped-Apotheken-mit-Palme.jpg","width":512,"height":512,"caption":"Palmen Apotheke Br\u00fcckenhof Kassel"},"image":{"@id":"https:\/\/palmenapo.de\/brueckenhof\/#\/schema\/logo\/image\/"},"sameAs":["https:\/\/www.facebook.com\/PalmenApothekeBrueckenhof"]}]}},"_links":{"self":[{"href":"https:\/\/palmenapo.de\/brueckenhof\/wp-json\/wp\/v2\/pages\/393","targetHints":{"allow":["GET"]}}],"collection":[{"href":"https:\/\/palmenapo.de\/brueckenhof\/wp-json\/wp\/v2\/pages"}],"about":[{"href":"https:\/\/palmenapo.de\/brueckenhof\/wp-json\/wp\/v2\/types\/page"}],"author":[{"embeddable":true,"href":"https:\/\/palmenapo.de\/brueckenhof\/wp-json\/wp\/v2\/users\/1"}],"replies":[{"embeddable":true,"href":"https:\/\/palmenapo.de\/brueckenhof\/wp-json\/wp\/v2\/comments?post=393"}],"version-history":[{"count":2,"href":"https:\/\/palmenapo.de\/brueckenhof\/wp-json\/wp\/v2\/pages\/393\/revisions"}],"predecessor-version":[{"id":655,"href":"https:\/\/palmenapo.de\/brueckenhof\/wp-json\/wp\/v2\/pages\/393\/revisions\/655"}],"wp:attachment":[{"href":"https:\/\/palmenapo.de\/brueckenhof\/wp-json\/wp\/v2\/media?parent=393"}],"curies":[{"name":"wp","href":"https:\/\/api.w.org\/{rel}","templated":true}]}}